{"id":2924,"date":"2026-04-09T19:21:44","date_gmt":"2026-04-09T17:21:44","guid":{"rendered":"https:\/\/www.muzycznajezowe.pl\/?page_id=2924"},"modified":"2026-04-09T19:53:13","modified_gmt":"2026-04-09T17:53:13","slug":"uwaga-zmiana-adresu-naszej-strony","status":"publish","type":"page","link":"https:\/\/www.muzycznajezowe.pl\/","title":{"rendered":"UWAGA!!!   ZMIANA ADRESU NASZEJ STRONY"},"content":{"rendered":"<p>&nbsp;<\/p>\n<p>&nbsp;<\/p>\n<p style=\"text-align: center;\"><span style=\"font-size: 36px;\">Witaj,<\/span><\/p>\n<p style=\"text-align: center;\"><span style=\"font-size: 24px;\">Nasza szko\u0142a ma now\u0105 stron\u0119 WWW<\/span><\/p>\n<p style=\"text-align: center;\"><span style=\"font-size: 24px;\">i znajduje si\u0119 teraz pod adresem:\u00a0 https:\/\/ssm.jezowe.pl<\/span><\/p>\n<p>&nbsp;<\/p>\n<p style=\"text-align: center;\"><span style=\"font-size: 20px;\">Kliknij\u00a0<span style=\"font-size: 24px;\"> <a title=\"Szko\u0142a Muzyczna w Je\u017cowem\" href=\"https:\/\/ssm.jezowe.pl\/\">TUTAJ<\/a> \u00a0<\/span>a zostaniesz przeniesiony automatycznie<\/span><\/p>\n<p>&nbsp;<\/p>\n<p>&nbsp;<\/p>\n<p>&nbsp;<\/p>\n<p>&nbsp;<\/p>\n<p>&nbsp;<\/p>\n<p>&nbsp;<\/p>\n<p>&nbsp;<\/p>\n","protected":false},"excerpt":{"rendered":"<p>&nbsp; &nbsp; Witaj, Nasza szko\u0142a ma now\u0105 stron\u0119 WWW i znajduje si\u0119 teraz pod adresem:\u00a0 https:\/\/ssm.jezowe.pl &nbsp; Kliknij\u00a0 TUTAJ \u00a0a zostaniesz przeniesiony automatycznie &nbsp; &nbsp; &nbsp; &nbsp; &nbsp; &nbsp; &nbsp;<\/p>\n","protected":false},"author":1,"featured_media":0,"parent":0,"menu_order":0,"comment_status":"closed","ping_status":"closed","template":"","meta":{"footnotes":""},"class_list":["post-2924","page","type-page","status-publish","hentry"],"_links":{"self":[{"href":"https:\/\/www.muzycznajezowe.pl\/index.php?rest_route=\/wp\/v2\/pages\/2924","targetHints":{"allow":["GET"]}}],"collection":[{"href":"https:\/\/www.muzycznajezowe.pl\/index.php?rest_route=\/wp\/v2\/pages"}],"about":[{"href":"https:\/\/www.muzycznajezowe.pl\/index.php?rest_route=\/wp\/v2\/types\/page"}],"author":[{"embeddable":true,"href":"https:\/\/www.muzycznajezowe.pl\/index.php?rest_route=\/wp\/v2\/users\/1"}],"replies":[{"embeddable":true,"href":"https:\/\/www.muzycznajezowe.pl\/index.php?rest_route=%2Fwp%2Fv2%2Fcomments&post=2924"}],"version-history":[{"count":11,"href":"https:\/\/www.muzycznajezowe.pl\/index.php?rest_route=\/wp\/v2\/pages\/2924\/revisions"}],"predecessor-version":[{"id":2936,"href":"https:\/\/www.muzycznajezowe.pl\/index.php?rest_route=\/wp\/v2\/pages\/2924\/revisions\/2936"}],"wp:attachment":[{"href":"https:\/\/www.muzycznajezowe.pl\/index.php?rest_route=%2Fwp%2Fv2%2Fmedia&parent=2924"}],"curies":[{"name":"wp","href":"https:\/\/api.w.org\/{rel}","templated":true}]}}